52481 composite?
True
Is 7386753193 a composite number?
False
Is 12491689231 a prime number?
False
Is 23421672437 composite?
False
Is 9538541141 a composite number?
False
Is 167857817 prime?
False
Is 85532355649 prime?
False
Is 420868367 composite?
True
Is 8036523553 prime?
False
Is 228768789259 a prime number?
False
Is 819137699 a prime number?
False
Is 23967313069 composite?
True
Is 1056869027 prime?
True
Is 546645397 prime?
True
Is 182726087 prime?
True
Is 49047005801 prime?
False
Is 10788433963 a prime number?
True
Is 17207710673 composite?
True
Is 37535909 composite?
False
Is 14323255943 a composite number?
False
Is 95398303573 a prime number?
False
Is 19051645589 a composite number?
False
Is 2657366377 prime?
False
Is 1190666683 a composite number?
True
Is 41401389163 a composite number?
True
Is 34038595769 composite?
False
Is 298406441 a prime number?
False
Is 24581887571 prime?
False
Is 165240319 a prime number?
True
Is 5789125397 a composite number?
True
Is 91217420269 prime?
False
Is 4295107303 a composite number?
False
Is 276228977 prime?
True
Is 506964319 composite?
False
Is 14505727 prime?
True
Is 23421113 composite?
False
Is 424212491 prime?
True
Is 2398984033 composite?
True
Is 1240062311 prime?
True
Is 63578387881 a prime number?
False
Is 4015401359 composite?
False
Is 5855743909 composite?
True
Is 1131591401 prime?
True
Is 3279838927 a composite number?
False
Is 4629064669 composite?
False
Is 3842705803 a composite number?
False
Is 1786164869 a prime number?
True
Is 8587205079 a composite number?
True
Is 37674067 a composite number?
False
Is 1879742971 a prime number?
True
Is 1153440971 a prime number?
True
Is 398898463 prime?
True
Is 5798875039 prime?
True
Is 36151934411 a composite number?
False
Is 11738257283 a prime number?
True
Is 18223464269 composite?
True
Is 4739350097 prime?
True
Is 5743306573 a composite number?
True
Is 649103695 composite?
True
Is 37220872433 composite?
False
Is 25423449019 composite?
False
Is 27144601 composite?
True
Is 251663669 a prime number?
False
Is 8044369589 a prime number?
False
Is 360109483 composite?
True
Is 1349044693 composite?
False
Is 29751167 a prime number?
False
Is 1783628183 prime?
False
Is 5193267433 a prime number?
True
Is 358369891 a composite number?
True
Is 1524775607 prime?
False
Is 1529624533 a prime number?
True
Is 99931784727 a composite number?
True
Is 4752990587 a composite number?
True
Is 6829517623 prime?
False
Is 1416683305 a prime number?
False
Is 649986797 a composite number?
True
Is 2933497493 composite?
True
Is 61959202163 composite?
False
Is 28674276853 a composite number?
False
Is 130041609481 prime?
False
Is 5519197967 composite?
True
Is 44236941842 a composite number?
True
Is 596385005 prime?
False
Is 7875663443 composite?
True
Is 71548960537 prime?
True
Is 14046611 composite?
False
Is 1879809989 prime?
False
Is 191862163 a prime number?
False
Is 859508957 composite?
False
Is 498149437 prime?
True
Is 10741349951 a composite number?
False
Is 100065739309 a prime number?
False
Is 7607824963 composite?
False
Is 546433061 a prime number?
True
Is 159843703 a prime number?
False
Is 5288108801 a prime number?
True
Is 720815969 composite?
False
Is 1503657271 a prime number?
True
Is 952840579 composite?
False
Is 2328537773 a composite number?
False
Is 1193754967 a prime number?
True
Is 1368694627 prime?
True
Is 5935374217 a composite number?
True
Is 41088850017 a prime number?
False
Is 2249520583 prime?
False
Is 18259219471 prime?
False
Is 1245635597 a prime number?
True
Is 29205501959 prime?
False
Is 54314861651 a composite number?
True
Is 618634609 a composite number?
True
Is 4027908757 prime?
False
Is 2393825657 a composite number?
False
Is 6755799853 a prime number?
False
Is 22854525913 a prime number?
True
Is 77961089333 prime?
True
Is 407296957 prime?
True
Is 148909153 prime?
False
Is 75217380337 prime?
False
Is 2107864849 composite?
True
Is 121330865827 a composite number?
True
Is 42709195261 composite?
False
Is 2066386433 composite?
True
Is 582636091 a composite number?
True
Is 5948739163 prime?
True
Is 984345281 a composite number?
False
Is 4439132011 composite?
False
Is 1451195611 composite?
True
Is 1137158009 prime?
False
Is 188850225503 prime?
True
Is 4588175399 composite?
False
Is 1304734577 prime?
True
Is 7229788805 prime?
False
Is 1132634969 a prime number?
True
Is 315627197 prime?
False
Is 114041447 a composite number?
True
Is 33789684587 a prime number?
True
Is 271341327557 composite?
True
Is 35386783001 a prime number?
True
Is 12071681421 a prime number?
False
Is 104024822287 a composite number?
False
Is 136869973 a composite number?
False
Is 1910420777 a composite number?
False
Is 129128196217 composite?
False
Is 2871349541 composite?
False
Is 162686401 composite?
True
Is 3599424979 prime?
True
Is 6953950559 composite?
False
Is 163451929 a composite number?
False
Is 878262149 prime?
False
Is 5411218591 prime?
False
Is 6902373287 composite?
True
Is 14307334543 a prime number?
False
Is 153940753 prime?
True
Is 3501990553 a prime number?
True
Is 4426810867 prime?
False
Is 1818210959 a prime number?
False
Is 11903267807 prime?
True
Is 27407739283 a prime number?
False
Is 27959447617 a composite number?
False
Is 65265988187 prime?
True
Is 9497997367 a prime number?
True
Is 68326889426 a composite number?
True
Is 406449229 a prime number?
False
Is 1875928403 a prime number?
True
Is 78006545651 a composite number?
True
Is 9459772565 prime?
False
Is 11466245257 composite?
True
Is 742467403 a composite number?
False
Is 18229088369 a composite number?
True
Is 779092955 composite?
True
Is 269167187 a prime number?
True
Is 81385091339 composite?
False
Is 28381009885 a prime number?
False
Is 43873081247 a prime number?
True
Is 194975441 a composite number?
False
Is 18848819537 a prime number?
True
Is 37735766533 a composite number?
False
Is 1133185699 composite?
False
Is 31265316349 a composite number?
False
Is 13675250683 a prime number?
False
Is 515886367 prime?
True
Is 986524646 composite?
True
Is 3637238467 prime?
False
Is 37380570389 a composite number?
True
Is 14508016174 prime?
False
Is 21702842867 prime?
True
Is 231761515 composite?
True
Is 36987564639 a composite number?
True
Is 189748921 composite?
False
Is 2427881383 a composite number?
False
Is 110985827803 prime?
True
Is 248384893 a prime number?
False
Is 28252673101 a composite number?
False
Is 13188959939 prime?
True
Is 455215897 a prime number?
True
Is 20727026813 prime?
False
Is 100501253 prime?
True
Is 18606626617 a prime number?
False
Is 1958317787 composite?
False
Is 242881603 a composite number?
False
Is 81303093281 prime?
False
Is 11125690679 a prime number?
True
Is 28901242423 prime?
False
Is 100443151 prime?
True
Is 25359258821 composite?
True
Is 21351585569 a composite number?
False
Is 10067001079 a composite number?
False
Is 4811769481 a composite number?
True
Is 725729417 a composite number?
True
Is 300930697 composite?
False
Is 272943877 composite?
True
Is 371667983 a prime number?
False
Is 8217024317 prime?
False
Is 1852523383 a prime number?
True
Is 1249046921 prime?
True
Is 10292160379 a composite number?
True
Is 12379044701 prime?
True
Is 59466058319 composite?
True
Is 280164106 composite?
True
Is 56269302173 a prime number?
False
Is 30299570767 prime?
True
Is 78606467 a prime number?
False
Is 6933556933 a composite number?
False
Is 130638450853 a composite number?
True
Is 4910234513 a composite number?
False
Is 7403338379 prime?
True
Is 8478190163 prime?
False
Is 113597988731 composite?
False
Is 233545973 a prime number?
True
Is 8011767191 composite?
True
Is 43072231597 composite?
False
Is 27702743821 prime?
False
Is 13591935667 composite?
True
Is 11108651 a prime number?
True
Is 279994147 prime?
True
Is 6450311379 a composite number?
True
Is 816481783 a composite number?
True
Is 16692680479 composite?
False
Is 97818215903 prime?
True
Is 251565003583 a prime number?
True
Is 1968936029 a prime number?
False
Is 2825657113 composite?
True
Is 976768189 prime?
True
Is 37811559611 prime?
False
Is 491970923 composite?
True
Is 29220869 a composite number?
False
Is 20177363441 a composite number?
True
Is 507127723 prime?
False
Is 6606826727 prime?
True
Is 1738800641 a prime number?
T